 119 - -65 - (2 + -26 - -1)?
114
-50 + 33 + -74 + 91
0
59 + -76 + 59 + 6
48
What is -11 + 14 - (1 - (-42 - 3))?
-43
What is (-29 - -14) + 22 - (-2 - (2 - (41 + 2)))?
-32
What is (-2 - 2) + 7 + (-15 - -20) - (40 + -14)?
-18
Calculate 14 + (-30 - -14) + 14 - (-5 - -9).
8
What is (-26 + (5 - -4) - -8) + 16 - -128?
135
What is the value of ((10 - 2) + 6 + -6 - (0 + -12)) + -12?
8
What is -17 + (11 + -25 - 1 - (-26 + 16))?
-22
Evaluate 14 + (-2 + 12 - 2) + 1 - -9.
32
What is (48 - 11) + 26 + (16 - 1)?
78
What is the value of (-18 - 2) + (-303 - -283) + 24?
-16
Evaluate (78 - 37 - 14) + (-1 + 1 - 0).
27
Calculate -5 - -1 - (62 - (68 + -100)).
-98
What is the value of (-7 - -3 - 4) + -50 - (58 + -63)?
-53
What is -29 + 1 + -4 - (1731 - 1727)?
-36
Calculate -10 - (-56 - 12 - (10 - (-19 + 35))).
52
Evaluate (-18 - -31) + -12 + -11 + (-4 - (23 - -5)).
-42
Calculate (-2 - -126) + -7 + (-38 - -19) + 26 + -10.
114
What is (10 - (69 - 53)) + -2 + 98?
90
-146 + 178 + 14 + (-2 - (-1 - -3)) + 1
43
What is the value of 41 + -14 - (6 - (8 + -20))?
9
What is -9 + -3 - 0 - (28 + -8 + -60)?
28
What is the value of -25 + 17 - 1 - (5 + -4)?
-10
10 + 1 + 2 + (12 - 1) + -79
-55
Evaluate 63 + -11 + (9 + -28 - (-7 + 0 + -3)).
43
Evaluate -12 - (14 + -3 + 4 + 4 - (94 + -91)).
-28
-4 + 416 + -408 + (-1 - 1) + -18
-16
Evaluate 10 - 14 - (4 + -14 + 31).
-25
What is the value of -25 - (45 + (21 - 9) + 0)?
-82
What is the value of (53 - 145) + 105 - -6?
19
What is -8 + (-7 + 101 - -9) + (14 - 33 - -28)?
104
What is -7 + 5 + 11 - (-53 - (104 + -61))?
105
What is 30 + (-98 + 10 - -29)?
-29
Calculate 38 - (11 + (1 - 3 - 1) + (-1548 - -1538)).
40
Evaluate (79 - 9) + (0 - -4 - (-4 + (-5 - -5))).
78
Calculate -40 + 35 + (5 - -3 - 2 - -29).
30
What is the value of -33 - (149 + -213 + 23)?
8
What is 57 + 3 + -1 + 21 + -46 + 14?
48
(-2 - (-10 + 30)) + -18 - 16
-56
(-4233 - -4278) + (-99 - -1)
-53
Evaluate -1 + (14 - 11) - (1 + 2 - (-40 - -50)).
9
9 + (19 + -26 - 9)
-7
What is the value of 1 + 3 + 15 + (11 + 15 - 38)?
7
What is the value of -79 + 145 - (17 + -2) - (-13 + 14)?
50
32 + -23 + 11 + -18 - (61 - 1)
-58
Evaluate 13 + 15 + (10 - (15 + (11 - 9))) - 1.
20
195 - (-24 - -156) - (-21 + -1)
85
(50 - -2) + (130 - 283)
-101
(1 - -1 - 26) + 2 + (-20072 - -20060)
-34
Evaluate 65 + -18 + 8 + -121.
-66
What is -139 + 101 + 14 + -14?
-38
Calculate (-132 + 119 - (6 - (4 + 1 - -6))) + -106.
-114
What is (-7 - 11 - -17) + (10 - 0) + (-18 - -33)?
24
Evaluate 5 - (-2 - 58) - (245 - 226).
46
Calculate 8 + (-23 - -6 - (10 - 11 - 2 - -11)).
-17
What is (32 - 53) + 41 + (-111 - -8 - -9)?
-74
Evaluate (-40 - -39) + 39 + -32 + -32.
-26
What is the value of 54 - ((-38 - 1) + (40 + -1 - 20))?
74
Evaluate (-20 - (-13 - 51)) + 4.
48
What is the value of (5 + -4 - -3 - (-10 + -16)) + -9?
21
Evaluate -1 + 1 + 28 + (-15 - 2) + 45.
56
What is the value of (8 - -42) + -42 + -17?
-9
-1 + -77 + (2 + -10 + 12 - -6)
-68
-2 + 39 + (-203 - -172) - (141 - -3)
-138
What is (-7 - (-3 - 1) - (-26 + 34)) + -77 + 1?
-87
Evaluate (-29 - 2) + 95 + -45 + -49.
-30
Evaluate 137 + (278 - 293 - ((4 - 2) + -2)).
122
What is the value of 2 - -9 - (-66 + (7 - (-16 - -15)))?
69
Evaluate 35 + 29 + -33 + (-1 - 54).
-24
What is -68 - 3 - (4420 + -4527)?
36
Evaluate -1 + -50 - (5812 + -5871).
8
-5 + 15 + -13 + 31 + -14 + -7
7
What is -53 - (-132 + 38) - (145 + 11)?
-115
What is the value of 5 - -32 - ((-11 - -16) + -17) - 5?
44
Evaluate (-9 + -3 + 14 - -4) + 25 - -5.
36
Calculate -78 - (7 + (-18 - 76)).
9
Calculate -15 + -238 + 240 - ((76 - 0) + (-3 - -3)).
-89
What is -7 + 7 - 34 - (122 + -141) - 6?
-21
Evaluate (1 - -41 - (-1930 + 1892)) + (4 - 0).
84
What is the value of -12 + 60 + (15 - 3 - 11 - 5)?
44
Calculate (94 - 175) + 97 + 10.
26
What is the value of (-62 - 5 - -238) + -110?
61
Evaluate 66 + (-71 - -18) - -9.
22
What is 30 - (56 - 5) - -12 - -68?
59
Evaluate -46 - -119 - (-16 - 3).
92
What is (-4 + (-36 - -41) - (-17 + 1)) + -72?
-55
(39 - -5) + -43 - (1 + -16) - -68
84
What is the value of -23 + -11 + 24 - (-8 + 7)?
-9
What is the value of -957 + 984 + -4 + 12 + -1?
34
Calculate -10 - -45 - (-100 - -74).
61
-11 - -6 - (10 + 12 + -9)
-18
Evaluate -2 + -38 - (-22 - (-21 + 7 - 0)).
-32
Calculate -16 + -1 + -6 - (9 - (21 + 16 + -18)).
-13
Evaluate 20 + -19 + -30 + -17.
-46
What is the value of -4 + (-2 - -1) + -1 - (468 + -482)?
8
What is the value of -14 + (55 - 126 - -60 - (0 - 6))?
-19
Calculate (-1 - (2 + 0 + -22)) + (923 - 917).
25
Evaluate -764 + 791 + -2 + 29 + -5.
49
-38 + 33 + 20 + -33
-18
Calculate (4 + 4 + -4 - (6 - 3)) + 16 + 26.
43
Calculate -4 + (-2 - -1) + 10 - (-1 - 13).
19
What is 7 - ((0 - -7) + -79 + 70)?
9
Evaluate -14 + -9 + (-2 - (-7 + 35)).
-53
Evaluate 16 + -1 - (-46 + 7 + (-27 - -133)).
-52
38 - (-4 + -2 + (-1 + 2 - (-100 + 94)))
37
Evaluate (218 + -553 - -350) + (-1 - 130 - (3 + -1)).
-118
What is the value of -44 - (-18 - 63) - 55?
-18
What is -1 + 25 - (469 - 436) - -10?
1
(-19 - 69) + 74 - 39
-53
What is the value of 9 + (9 - 15 - 0 - 3) + (34 - 54)?
-20
What is (-45 - -14 - -73) + -54?
-12
What is the value of 1434 + -1439 - (0 - -26)?
-31
Evaluate (-12 - -5 - 12) + 25 + -31 + -2.
-27
Evaluate -11 - (-36 + (39 - -3) - (0 + 3 + 132)).
118
What is 0 - 3 - 11 - (-900 + 851)?
35
1 - (5 + 5) - (-1 - (11 - (-7 + 71)))
-61
What is the value of -12 - (-159 - -156 - (2 + 14 + 2)) - 107?
-98
28 + (-30 - 0) - (-9 + 16)
-9
What is 38 + -60 + (-37 - -4)?
-55
What is 9 - (-991 - -1105 - (25 - 1))?
-81
7 + (-8 - (-15 + 14 + 1)) + -76
-77
Evaluate (45 - (185 - 94)) + -15.
-61
Evaluate 3 + (-31 - (5 - ((0 + 9 - 7) + -7))).
-38
What is the value of 206 + -254 + (-10 - -154)?
96
-11 + (2 - (9 - -4) - (43 + (-27 - -57)))
-95
Calculate 1 - -22 - (-1907 + 1906).
24
What is -18 + (15 - -14) + 0 + -35?
-24
What is (2 - -22 - 37) + (6 - 4 - -5)?
-6
Calculate (-18 + 20 - (11 + 1)) + (-2 + -4 - -43).
27
What is 74 + -198 + 59 - -98?
33
(-56 - 0) + 10 + (25 - (46 - 21))
-46
What is the value of 33 + -57 - (-6 - ((-8 - -19) + -7))?
-14
107 - (-53 - -33 - ((-20 - -6) + -21))
92
Evaluate 11 + (18 - (-2 - -24 - -1)) - -27.
33
What is 32 + (21 - (11 + 14 + -6))?
34
(3 - -6 - -71) + (-5 - -2) - (-81 + 83)
75
Evaluate 17 + -3 + -3 - 15 - (-3 + -1 + -2).
2
Evaluate -4 - 2 - (186 + -167) - -32.
7
What is the value of (1 - (7 - 1) - 2) + -43740 + 43776?
29
What is the value of 13 + (3 + -13 - (-36 + 7 - -21))?
11
What is -10 + (-3 - 10) + (155 - 100)?
32
What is the value of -5 + 54 + 2 + -79 + 79 + -2?
49
Evaluate 19 + 17 + (35 - 22) + -22.
27
Calculate -25 + -57 + 90 + -8 + 1.
1
Evaluate -98 + (97 - -29) + -71.
-43
(413 - 434 - (2 - -91)) + 43
-71
256 + -244 + (4 - 24)
-8
What is 71 + (-22 - 9 - 4)?
36
Evaluate -71 + 75 - (6 + 0) - -5 - -12.
15
Evaluate 30 - -39 - 92 - (23 + 6).
-52
What is -218 + 180 + (-3 - -44)?
3
Evaluate (-29 - -25) + (-7 - -2) - (31 - (10 - -30)).
0
-1 + 0 + 3 + (-109 - -3) + -34 + 45
-93
What is 100 - (14 + 7 + -11 - -12)?
78
What is the value of (-137 + 122 - -10) + -42?
-47
What is -3 + 59 + (-35 - -15 - -6 - -4)?
46
Calculate 84 + (8 + -8 - -3 - -15 - (1 + 10)).
91
What is the value of -11 + 32 + 58 + -86?
-7
Calculate -111 + (118 - (179 + -78)).
-94
What is the value of (1 - (-1 + 10) - 23) + -11 + 0 + 7?
-35
What is 2 + 95 + 5 + (-16 - (-8 + 19 + -19))?
94
Calculate (-3 - 2) + 25 + 63 + -50.
33
Evaluate 17 + (-8 - 1) - 2 - (-17 + 9 - -19).
-5
What is -28 + 5 + (36 - 21)?
-8
280 + -127 + -190 + (-69 - -2)
-104
What is 5 + -50 - (9 - (-5 + -1 - (-277 + 269)))?
-52
What is the value of -2 + 2 + (-17 + 0 - (-239 - -221))?
1
What is the value of 46 + -2 + -22 + (10 - -27 - 11)?
48
3 + (2 - 6 - ((-11 - -19) + -10 + -17))
18
Evaluate -11 + 5 + (-12 - -18) + (3 + 20 - 91).
-68
49 + -40 + (14 - -20 - 16)
27
Evaluate (62 - 0) + -578 + 558 - 11.
31
Calculate 55 - (141 - (109 + -56)).
-33
Calculate 2 + -52 - (-82 + 170 - 67).
-71
What is 77 + -68 - (16 + (7 + (-2 - 0) - 2))?
-10
What is the value of -63 - ((-2 - (-2 - -7)) + -4 + -46 + 48)?
-54
-30 - (21 - 8) - (8 + -2 + -8)
-41
Calculate -4 + 2 + -14 + (157 - 12) + -144.
-15
What is the value of (-35 + 50 - 4) + (-35 - (0 - 2))?
-22
Calculate 23 - (-27 + 16 - -8 - (-11 + 126)).
141
Calculate -2 + -49 - (809 - 919).
59
(-6 - -9 - (-10 + -10)) + 13
36
What is the 